 factor of c and 1.
1
Let q = -10 - -30. Let s(h) = -h**3 - 7*h**2 + 8*h - 10. Let o be s(-9). Calculate the greatest common factor of q and o.
20
Suppose 0*v - 5*v = 2*i - 60, 3*v - 3*i - 15 = 0. Calculate the highest common divisor of 40 and v.
10
Let w = 19 - 7. Suppose -32 - 11 = -3*j - 5*q, -j + 5*q - 19 = 0. What is the greatest common factor of w and j?
6
Suppose 4*o = -2*j + 26, o + 2*o - 18 = -2*j. Suppose o = 4*m - 0. Let l be (6 + -8)/(m/(-99)). What is the greatest common factor of 9 and l?
9
Suppose k + k - 2 = 0. Let z(w) = -5*w**2 - 2*w + 3. Let h be z(0). What is the greatest common factor of k and h?
1
Let l(j) = -13*j + 11. Let y be l(-11). What is the greatest common factor of y and 14?
14
Suppose -4*l = -3*i - 495, -7*i + 3*i = 2*l - 264. Let d be (0/(2/1))/2. Suppose d*o - 3*o = -l. What is the highest common factor of 14 and o?
14
Let j(x) = x**3 + 9*x**2 + 15*x - 5. Let l be j(-5). Calculate the greatest common divisor of 20 and l.
20
Let j = -12 + 16. What is the greatest common divisor of 2 and j?
2
Let k(p) = 12*p**2 - 3*p + 5. Let u be k(3). Calculate the greatest common divisor of 8 and u.
8
Let d(f) = -f**3 + 12*f**2 + 7*f - 4. Let i be d(12). Let u be (4/6)/(2/96). Calculate the greatest common divisor of u and i.
16
Suppose -22 = -2*b + n, 5*b - n - 48 = -2*n. Suppose 3*x = -x + 40. Calculate the highest common factor of b and x.
10
Let p(b) = 10 - b**2 + 14 - 5 + 1. Let g be p(0). Suppose -4*y + 132 = 4*w, 0*y - 4*y = -w + 18. What is the highest common divisor of w and g?
10
Suppose 10*h - 7*h - 15 = 0. Suppose -d - 149 = -5*z + 2*z, -169 = -3*z + h*d. What is the greatest common factor of z and 16?
16
Let v(x) = x + 1. Let r be v(4). Suppose -j + 31 = -d - 29, 0 = -r*j + 2*d + 315. What is the greatest common factor of j and 13?
13
Suppose 2*i + 25 = 57. Calculate the greatest common factor of 8 and i.
8
Suppose -2*f = -0*f - 18. What is the greatest common divisor of f and 9?
9
Let j(t) = -t**2 - 3*t - 1. Let p be j(-2). What is the greatest common divisor of p and 1?
1
Suppose 5*m = 12 + 53. Let p = m + 15. Calculate the highest common factor of 4 and p.
4
Let i be ((-22)/4)/((-2)/4). Suppose 2*b + 4*m + 2 = 8, -5*m = 2*b - 10. Let z be 5/(b/2) + 3. What is the greatest common divisor of i and z?
1
Let l = 105 + -40. What is the highest common divisor of l and 13?
13
Let k(h) = -h**2 - 12*h - 5. Let a = -7 - 2. Let z be k(a). Suppose z = i + i. Calculate the highest common factor of 55 and i.
11
Let t(o) = -103*o - 4. Let z be t(-1). Calculate the highest common factor of z and 18.
9
Let r = 19 - 6. What is the highest common factor of r and 13?
13
Let q(n) = n**3 + 8*n**2 + 6*n - 7. Let m be q(-7). Suppose 0 = 3*o - m*o - 42. What is the greatest common factor of 7 and o?
7
Suppose 8*g - 260 = 3*g. Calculate the greatest common factor of g and 13.
13
Suppose -4*p - o + 37 = 0, -3*o = -p - 8 + 1. What is the greatest common factor of p and 72?
8
Suppose 3*t - 2*s = 51, 4*t + 3*s = 6*t - 34. Let b(o) = -36*o + 7. Let v be b(-5). What is the highest common divisor of v and t?
17
Let l be ((-6)/(-14))/(2/(-7))*-84. What is the highest common factor of 18 and l?
18
Let c(p) = -p**2 + 8*p. Let r be c(9). Let f be (-6)/4*4/(-6). Let x be (f - r)*36/8. Calculate the highest common factor of x and 18.
9
Suppose 0 = -f - 1, b - 2*f + 5*f + 5 = 0. Let m be ((-18)/(-4)*b)/(-1). Calculate the highest common divisor of m and 27.
9
Suppose -b + 3*b - 44 = 0. What is the greatest common factor of b and 22?
22
Let i be 20/3*132/10. Let l(t) = -t**3 + 9*t**2 + 10*t + 11. Let x be l(10). What is the highest common factor of x and i?
11
Let b(m) be the third derivative of -m**4/24 + m**3/3 - 2*m**2. Let o be b(-6). Let s = 22 + -10. Calculate the greatest common divisor of s and o.
4
Suppose -c - 7 = 3*v - 6*v, -4*c - 1 = -3*v. Let o(a) = 2*a - 12*a + 0 + c. Let m be o(-5). Calculate the greatest common divisor of 13 and m.
13
Let b(c) = c**3 + 2*c**2 - 3*c - 3. Let i be b(-2). What is the greatest common factor of 3 and i?
3
Let s = 77 - 53. Let w = 14 + -28. Let k = w - -22. Calculate the greatest common divisor of k and s.
8
Suppose q = -5*b + 1, -3*q + 1 + 2 = 5*b. Suppose -2*z + 114 + 18 = b. Calculate the highest common divisor of 6 and z.
6
Let q = 5 - 1. Let j = 14 - 10. Calculate the greatest common divisor of q and j.
4
Suppose 0*y + 252 = 5*z + 3*y, 0 = -z - 4*y + 64. Let c = -14 + 26. Calculate the greatest common factor of z and c.
12
Let c(a) = -a - 1. Let m be c(-1). Suppose m = -5*v - g + 78, 3*v - g = g + 39. Let t = v - 7. Calculate the greatest common factor of t and 1.
1
Let m = 14 - 11. Suppose 0 = 2*w + 10 - 44. Suppose -m = x - w. Calculate the highest common factor of 70 and x.
14
Let c = -92 + 96. Suppose 0 = v - 2*o - 18, v + v + o - 61 = 0. Calculate the highest common divisor of v and c.
4
Let t = 9 - 21. Let o be -6*t/8 - -3. What is the greatest common divisor of 120 and o?
12
Suppose -3*t - 2*x - 25 = 0, 2*x + 1 - 11 = 4*t. Let y(b) = b**3 + 8*b**2 + 3*b - 5. Let o be y(t). What is the highest common divisor of 22 and o?
11
Suppose r + r = 4*g - 36, 0 = -2*g + 2*r + 16. Calculate the greatest common divisor of g and 70.
10
Suppose 7*d = 6 + 1. What is the highest common divisor of d and 2?
1
Let l = 14 + -9. Let c be (16/(-10))/((-6)/60). Suppose -4*x + c = 4*r, 5*x + 15 = 5*r - 15. Calculate the greatest common divisor of l and r.
5
Suppose -57 + 2 = -4*l + g, 60 = 5*l - 3*g. Let z(j) = 11 - 7 - j + 26. Let u be z(0). What is the greatest common factor of u and l?
15
Suppose 1080 = -73*l + 82*l. Suppose 4*v + 41 - 101 = 0. Calculate the highest common divisor of l and v.
15
Let q be 70/(-4)*(-44)/55. Let a(r) = -r + 8. Let x be a(-6). Calculate the greatest common factor of x and q.
14
Suppose k + 2*k = -3*r + 30, -3*k = -3*r - 54. Let i = -172 + 242. Calculate the greatest common divisor of i and k.
14
Suppose -6*k + 176 = -2*k. Let r(n) = -6*n. Let s be r(-6). Suppose 4*f - 3*f - 3*l - 23 = 0, -4*f + s = 2*l. What is the highest common divisor of f and k?
11
Let j(b) = 2*b**2 - 2. Let a be j(2). Let w(i) = -2*i + i + a*i. Let h be w(2). What is the greatest common factor of 10 and h?
10
Suppose 2*i + 3*x - 3 - 6 = 0, 20 = 4*x. Let r be (224/12)/((-1)/i). Suppose -r = -b - b. What is the greatest common factor of 4 and b?
4
Suppose 5*t - 75 = -0*t. What is the greatest common divisor of t and 3?
3
Suppose -c - 3*c = 4*r - 552, 3*c - 424 = 2*r. What is the greatest common factor of 35 and c?
35
Let x(u) = u**3 + u**2. Let j(c) = -4*c**3 - 7*c**2 + c - 2. Let i(r) = j(r) + 5*x(r). Let p be i(3). What is the highest common factor of 80 and p?
10
Let p be (18/30)/((-2)/30). Let u = p + 22. What is the highest common factor of 13 and u?
13
Let s = 88 + -59. What is the greatest common factor of s and 116?
29
Suppose 5*f = -4*n + 414, 5*f = -6*n + n + 520. Suppose -3*w - 108 = -6*w. Suppose -5*h = w - n. Calculate the greatest common factor of h and 112.
14
Suppose -216 = -3*u - u + f, -2*f = 5*u - 270. Let p(q) = 2 + 1 + u*q - 5. Let b be p(3). What is the greatest common factor of 20 and b?
20
Suppose 14 = -2*t + 5*g, 3*t + 4*g = 5 - 3. Let p = t + 7. Calculate the greatest common divisor of 45 and p.
5
Suppose -3*b + 5*j = -4, -3*b + 3*j - 4*j = -28. What is the highest common factor of b and 12?
4
Let a be ((-95)/(-10) + 1)/(1/6). Calculate the highest common divisor of 18 and a.
9
Suppose 3*v - 2*v = 60. Let m = -12 - -22. What is the highest common divisor of v and m?
10
Suppose 5*q - 5 = -0*q. What is the highest common divisor of q and 11?
1
Let l = 24 - 18. Let y be (58/(-6))/(l/(-18)). Calculate the greatest common factor of y and 261.
29
Let w be 67*(-3)/(-6)*-2. Let d = -7 + w. Let k be 1 + (0 - d) + 2. Calculate the greatest common divisor of k and 7.
7
Suppose -2*o + 15 + 25 = 0. Suppose 0 = 2*i - 640 + 124. Suppose -248 = -5*u - g, 5*u - 2*g - 2*g - i = 0. What is the greatest common divisor of o and u?
10
Suppose -4*m - l = -63, -m + 2*l + 0*l + 18 = 0. What is the greatest common divisor of 40 and m?
8
Let b be (6/4)/(2/4). Suppose u = 5*i - 0*u, 3*u = 0. Suppose -2*v + b*a + 26 = i, 0 = -5*v + a + 3*a + 65. What is the highest common divisor of v and 13?
13
Let p be (-1)/2 - 96